{"id":36,"date":"2017-08-07T22:20:37","date_gmt":"2017-08-08T03:20:37","guid":{"rendered":"http:\/\/62.50.189.186\/~nilseng\/?page_id=36"},"modified":"2026-01-22T13:29:41","modified_gmt":"2026-01-22T12:29:41","slug":"home","status":"publish","type":"page","link":"https:\/\/annenilseng.com\/","title":{"rendered":"Velkommen"},"content":{"rendered":"<h2 style=\"text-align: center;\">Velkommen til mitt nettsted!<\/h2>\n<p>Her vises mye av min kunstneriske og grafiske virksomhet gjennom de siste tjue \u00e5rene. Bildene er sortert etter tema, arbeidstitler, teknikk og delvis etter n\u00e5r de er laget. Mange er priset, men jeg er \u00e5pen for pruting.<\/p>\n<p><strong>Hvordan jobber jeg? <\/strong>Ambisjonen er \u00e5 gi publikum umiddelbare opplevelser. Jeg er motstander av kunst som m\u00e5 st\u00f8ttes av lang, forklarende tekst. Min utfordring ligger i \u00e5 skape harmoni samtidig som bildene er dynamiske. Jeg jobber ofte med flere, transparente lag som skaper dybde,\u00a0, dvs at jeg bruker transparent medium i maleriene sammen med sjablonger, filler og kniver. Jeg kombinerer ofte med kullstift. Maler mest med acryl, men supplerer med olje hvis acrylen ikke er smidig nok.\u00a0Collagene er b\u00e5de analoge klipp-og-lim p\u00e5 papir som digitaliseres etterp\u00e5 og fotocollager som settes sammen p\u00e5 Mac i Photoshop. De best\u00e5r for det meste av egne fotos, gamle fotos, tegninger, klipp, malte bakgrunner og flater. Uttrykket er\u00a0delvis abstrakt, delvis figurativt b\u00e5de i maleri og collage.<\/p>\n<p>Takk til St\u00e5le Jensen i Webio for flott samarbeid, Cecilie Owren for portrettet av meg selv og s\u00f8nnen min Jonas Nilseng Almaas for oversettelse av teksten til engelsk.<\/p>\n<p>God visning! Enjoy!<\/p>\n<p><a href=\"https:\/\/annenilseng.com\/wp-content\/uploads\/2017\/08\/anne-nilseng_5708.jpg\"><img loading=\"lazy\" decoding=\"async\" class=\"aligncenter wp-image-733\" src=\"https:\/\/annenilseng.com\/wp-content\/uploads\/2017\/08\/anne-nilseng_5708.jpg\" alt=\"\" width=\"275\" height=\"334\" srcset=\"https:\/\/annenilseng.com\/wp-content\/uploads\/2017\/08\/anne-nilseng_5708.jpg 567w, https:\/\/annenilseng.com\/wp-content\/uploads\/2017\/08\/anne-nilseng_5708-247x300.jpg 247w, https:\/\/annenilseng.com\/wp-content\/uploads\/2017\/08\/anne-nilseng_5708-100x121.jpg 100w\" sizes=\"auto, (max-width: 275px) 100vw, 275px\" \/><\/a><\/p>\n","protected":false},"excerpt":{"rendered":"<p>Velkommen til mitt nettsted! Her vises mye av min kunstneriske og grafiske virksomhet gjennom de siste tjue \u00e5rene. Bildene er sortert etter tema, arbeidstitler, teknikk og delvis etter n\u00e5r de er laget. Mange er priset, men jeg er \u00e5pen for pruting. Hvordan jobber jeg? Ambisjonen er \u00e5 gi publikum umiddelbare opplevelser. Jeg er motstander av kunst som m\u00e5 st\u00f8ttes av &#8230; <\/p>\n<div><a href=\"https:\/\/annenilseng.com\/\" class=\"more-link\">Read More<\/a><\/div>\n","protected":false},"author":1,"featured_media":0,"parent":0,"menu_order":0,"comment_status":"closed","ping_status":"closed","template":"template-blank-4.php","meta":{"footnotes":""},"class_list":["post-36","page","type-page","status-publish","hentry","no-post-thumbnail"],"_links":{"self":[{"href":"https:\/\/annenilseng.com\/index.php?rest_route=\/wp\/v2\/pages\/36","targetHints":{"allow":["GET"]}}],"collection":[{"href":"https:\/\/annenilseng.com\/index.php?rest_route=\/wp\/v2\/pages"}],"about":[{"href":"https:\/\/annenilseng.com\/index.php?rest_route=\/wp\/v2\/types\/page"}],"author":[{"embeddable":true,"href":"https:\/\/annenilseng.com\/index.php?rest_route=\/wp\/v2\/users\/1"}],"replies":[{"embeddable":true,"href":"https:\/\/annenilseng.com\/index.php?rest_route=%2Fwp%2Fv2%2Fcomments&post=36"}],"version-history":[{"count":53,"href":"https:\/\/annenilseng.com\/index.php?rest_route=\/wp\/v2\/pages\/36\/revisions"}],"predecessor-version":[{"id":1899,"href":"https:\/\/annenilseng.com\/index.php?rest_route=\/wp\/v2\/pages\/36\/revisions\/1899"}],"wp:attachment":[{"href":"https:\/\/annenilseng.com\/index.php?rest_route=%2Fwp%2Fv2%2Fmedia&parent=36"}],"curies":[{"name":"wp","href":"https:\/\/api.w.org\/{rel}","templated":true}]}}